 o is divided by u(-9).
7
Let l be 2/(0 + 4/8). Let t = l + -11. Let b = 20 + t. What is the remainder when 23 is divided by b?
10
Suppose -13*w = -19*w + 96. Calculate the remainder when 94 is divided by w.
14
Calculate the remainder when 25 is divided by 101/5 - (-48)/60.
4
Let x = 73 + -44. Let i(q) = -q**2 - 20*q - 56. Calculate the remainder when x is divided by i(-16).
5
Calculate the remainder when (70/15)/(-14)*-1170 is divided by 7.
5
Let x = -1367 + 1437. Calculate the remainder when 2939 is divided by x.
69
Let q(r) = 3*r + 117. Calculate the remainder when 30 is divided by q(-36).
3
Suppose 4*u + 16 = -0*u, -4*u = -3*l + 295. Calculate the remainder when l is divided by 24.
21
Let g = 498 + -116. Suppose -7*n + 2*n + 144 = w, -3*w - 5*n + g = 0. Calculate the remainder when w is divided by 20.
19
Suppose o - 2*v = -v + 750, 0 = -2*o + v + 1504. Calculate the remainder when o is divided by 54.
52
Let u(t) = t**2 + 4*t - 12. Let s be u(5). Suppose -19 - s = -4*x. Calculate the remainder when 37 is divided by x.
11
Let l(w) = w**3 + 33*w**2 + 30*w - 62. Let m be l(-32). Suppose -64 = m*t - 6*t. What is the remainder when 110 is divided by t?
14
Suppose m + 4 = -5*d - 6, 4*d - 13 = -5*m. Suppose -5*x = -2*p + 8, -p + m*p + 3*x = 16. Let c = 22 - p. What is the remainder when 50 is divided by c?
14
Suppose s = w - 57, -5*w + 47*s = 52*s - 285. What is the remainder when 226 is divided by w?
55
Let v = 1170 + -1130. Calculate the remainder when v is divided by 24.
16
Let m(x) = -x**3 + 6*x**2 + 8*x + 7. Suppose 844 = 2*o + 4*a, -2352 = -5*o - a - 278. What is the remainder when (1 - 3)/((96/o)/(-8)) is divided by m(7)?
13
Let b(z) = -3*z - 19. Let u(x) = 3*x + 20. Let t(y) = -2*b(y) - 3*u(y). Calculate the remainder when 50 is divided by t(-13).
16
Let k = -92 - -171. Let p = 91 - 64. What is the remainder when k is divided by p?
25
Let w = 288 + -185. Calculate the remainder when w is divided by 18.
13
Suppose 0 = 26*b - 202 - 370. Calculate the remainder when b is divided by 10.
2
Let p be 49/(-14)*(-8)/7. Suppose 163 + 473 = p*m. What is the remainder when m is divided by 40?
39
Let l(d) = 2*d + 17. Let b(v) = -v**2 + 12*v - 9. Calculate the remainder when b(8) is divided by l(-4).
5
Let k(f) = 3*f**2 + 6*f - 7. Calculate the remainder when k(-4) is divided by 4.
1
Suppose -7 = -3*s - 1. Suppose s*a - 21 = a. Suppose 0 = -2*h + 5*o + a, 2*h - o - 15 = -2*h. Calculate the remainder when 4 is divided by h.
1
Suppose y + 5*c + 48 = 4*y, 0 = y + 2*c - 16. Let s be 12/y - (-111)/12. Suppose -6*v = -s*v + 32. Calculate the remainder when v is divided by 3.
2
Suppose h = 40 - 25. Suppose -3*b + 120 = -0*b. Calculate the remainder when b is divided by h.
10
Let j(m) = -7*m + 39. Let q be j(5). Suppose -3*d - q + 1 = 0, -62 = -2*f - 4*d. Calculate the remainder when 130 is divided by f.
31
Let p(r) = -r**3 + 2*r**2 - r + 2. Let q be p(2). Suppose 0*v + 2*v + 2*j - 58 = q, -3*v + 4*j + 122 = 0. Calculate the remainder when v is divided by 7.
6
Suppose -9*m + m + m = 0. Suppose 17*t - 2*t - 165 = m. Calculate the remainder when 36 is divided by t.
3
Let r(z) = -z**3 - 6*z**2 + 6*z - 5. Let w = -79 - -88. What is the remainder when w is divided by r(-7)?
1
Suppose 0 = 10*f + 4 - 64. Calculate the remainder when (f/8)/(155/(-52) + 3) is divided by -2*1 + (11 - -1).
9
Suppose 0*s - 5*s - a = -75, 4*a = 2*s - 30. Suppose 104 = 2*g + 2*g. Calculate the remainder when g is divided by s.
11
Let g = 40 + -34. What is the remainder when (6/2)/(g/(-930)*-5) is divided by 24?
21
Let d = -27 + -1. Let t be 716/28 - (-16)/d. Suppose 7*k = 2*k + t. Calculate the remainder when 11 is divided by k.
1
Let w = -466 - -869. What is the remainder when w is divided by 37?
33
Let a = -91 - -47. Let v(s) = s**2 + 15*s - 120. Let x be v(8). Let z = a + x. What is the remainder when 77 is divided by z?
17
Let n = 535 - -235. Suppose 8*u - 542 = n. What is the remainder when u is divided by 55?
54
Let t be ((-63)/(-12))/((-1)/28). Let s be -5 + 3 - t/(-3). Let j = -33 - s. What is the remainder when 70 is divided by j?
16
Let x(v) = -v**3 - 25*v**2 - 25*v - 7. Let l(m) = m**2 + 9. What is the remainder when x(-24) is divided by l(0)?
8
Let h = 17 + -23. Let j(q) = q**2 + 7*q - 8. Let y be j(h). What is the remainder when (-21)/y*40/6 is divided by 6?
4
Suppose 39 = 2*h - 43. What is the remainder when 163 is divided by h?
40
Let c(u) = u**2 - 7*u - 8. Let g = 146 + -60. Calculate the remainder when g is divided by c(10).
20
Let o be 1/(-3) - 19/(-3). Suppose -o*l - 43 = -139. What is the remainder when 29 is divided by (-90)/24*l/(-6)?
9
Let v = 9 + -3. Let c = 44 + v. Suppose 2*q - c = -4*f, 4*q + 81 = 2*f + 31. What is the remainder when 29 is divided by f?
14
Suppose 0 = -q - 16 + 36. Suppose 2*w = 13 + 5. Suppose w = o - 2. What is the remainder when q is divided by o?
9
Let j be 2 + 1 + -1 + -3. Let g be 0 - 3 - (j - 5). Suppose -g*a = -8*a + 605. What is the remainder when a is divided by 31?
28
Suppose -339 = -2*u + 19. Suppose 0 = 4*i - 3*i + 2*q - 35, 3*q = -5*i + 210. What is the remainder when u is divided by i?
44
Let n(y) = -y**3 - 2*y**2 - 5*y - 13. Suppose -5*q + 13 = -122. What is the remainder when q is divided by n(-3)?
5
Calculate the remainder when 88 is divided by (-4 - (-3 + 2)) + 35.
24
Let w(s) be the second derivative of -1/2*s**2 + 0*s**3 - 10*s + 0 + 1/2*s**4. Calculate the remainder when w(3) is divided by 18.
17
Calculate the remainder when 478 is divided by (-7440)/(-108) - 12/(-108).
64
Let r(s) = -68*s**3 + 2*s**2 - s. Let g be r(1). Let f = 75 + g. Calculate the remainder when 20 is divided by f.
4
Let i(d) = -d**2 + 77*d - 538. Calculate the remainder when 391 is divided by i(8).
13
Suppose 4*l - l = 156. Let p be -3*(-25)/(-15)*-11. What is the remainder when l is divided by (p/10 + -4)*18?
25
Let g = -10 + 16. Let j(y) = -2*y**2 - 14*y - 9. Let v be j(-6). Let x = 19 - v. Calculate the remainder when x is divided by g.
4
Let o = 16 + -5. What is the remainder when 325 is divided by o?
6
Let n be 6 + 3 + 0/2. Suppose -2*m - n = -5*m. Suppose -m*f + 0*f + 21 = -o, 2*f - 14 = -5*o. Calculate the remainder when f is divided by 2.
1
Let v(x) = -74*x + 216. What is the remainder when 77 is divided by v(2)?
9
Let l(y) = y + 15. Let f be l(13). Let x = f - 19. Calculate the remainder when 25 is divided by x.
7
Let d(t) = -117*t - 3. Calculate the remainder when d(-1) is divided by 34.
12
Suppose 16 + 88 = 4*q + 5*g, 0 = 5*q - g - 101. Calculate the remainder when 101 is divided by q.
17
Let s(x) = -29*x - 17. What is the remainder when s(-15) is divided by 10?
8
Let h(j) = -3*j - 3. Let t be h(-2). Let d = -326 - -331. Suppose t*n - 128 = 2*l - 43, d*l = -25. What is the remainder when n is divided by 14?
11
Let y = -28 - -42. Calculate the remainder when 1/(48/(-50) - -1) is divided by y.
11
Let m = 519 + -464. Calculate the remainder when m is divided by 19.
17
Suppose -86*z + 1715 = -51*z. What is the remainder when 195 is divided by z?
48
Let o(a) be the first derivative of -a**4/4 + a**3/3 + 2*a**2 + 4*a - 22. Calculate the remainder when 13 is divided by o(-2).
5
Suppose -257 = -8*q - 209. Let z(f) = -f**2 - 10*f + 1. Let k(m) = -7*m**2 + 2*m + 1. Let i be k(-1). What is the remainder when z(i) is divided by q?
5
Let f(x) = x**2 - 7*x + 3. Let a = -4 - -3. Calculate the remainder when f(8) is divided by 7 + (-1 - a)/(-1).
4
Suppose h = -3*v + 131 - 51, 0 = -v + 3*h + 40. Let l = 13 - 3. Calculate the remainder when v is divided by l.
8
Let p be (-740)/(-140) + 4/(-14). Suppose -3*n = -5*z - 88, p*z - 176 + 47 = -4*n. Calculate the remainder when 154 is divided by n.
30
Let o(j) = 2*j**2 - 2*j - 4. Let q be o(2). What is the remainder when 42/(3 + q + 12/(-8)) is divided by 11?
6
Calculate the remainder when 767 is divided by ((-5)/(-3))/(5/105).
32
Suppose -11 - 13 = 4*b. Suppose -g - 10 = 4*g, 2*g + 44 = 4*w. What is the remainder when 2/b - (-218)/6 is divided by w?
6
Suppose 74 + 141 = 5*z. Suppose -z = 5*w + 3*m - 181, 2*w + m - 56 = 0. Calculate the remainder when 59 is divided by w.
29
Let h = -17 - -68. Suppose 4*l - h = -l + u, -2*l - 3*u + 17 = 0. What is the remainder when 16 is divided by l?
6
Let m = -30 - -113. Let d = 